is the remainder when 7604 is divided by 117?
116
What is the remainder when 12619 is divided by 6080?
459
What is the remainder when 1090599 is divided by 18?
15
What is the remainder when 19868 is divided by 815?
308
Calculate the remainder when 9882 is divided by 17.
5
What is the remainder when 94507 is divided by 534?
523
What is the remainder when 15198 is divided by 422?
6
What is the remainder when 4457174 is divided by 2228582?
10
Calculate the remainder when 1731355 is divided by 47.
16
Calculate the remainder when 9789 is divided by 4819.
151
What is the remainder when 5276 is divided by 65?
11
Calculate the remainder when 64236 is divided by 24.
12
Calculate the remainder when 123387 is divided by 218.
217
What is the remainder when 327661 is divided by 306?
241
What is the remainder when 1133 is divided by 288?
269
Calculate the remainder when 30811 is divided by 405.
31
What is the remainder when 36023 is divided by 105?
8
Calculate the remainder when 2900 is divided by 284.
60
What is the remainder when 22255 is divided by 1593?
1546
What is the remainder when 3368 is divided by 843?
839
What is the remainder when 773398 is divided by 40?
38
What is the remainder when 3071 is divided by 277?
24
What is the remainder when 8418 is divided by 119?
88
Calculate the remainder when 63750 is divided by 254.
250
What is the remainder when 249 is divided by 62?
1
What is the remainder when 11564 is divided by 40?
4
What is the remainder when 26914 is divided by 28?
6
What is the remainder when 16061 is divided by 2279?
108
Calculate the remainder when 132475 is divided by 86.
35
What is the remainder when 784220 is divided by 2131?
12
What is the remainder when 1240 is divided by 189?
106
What is the remainder when 48388 is divided by 4396?
32
What is the remainder when 8292 is divided by 1356?
156
What is the remainder when 1392 is divided by 17?
15
What is the remainder when 5506 is divided by 317?
117
Calculate the remainder when 72751 is divided by 505.
31
Calculate the remainder when 11951 is divided by 177.
92
Calculate the remainder when 60881 is divided by 11.
7
What is the remainder when 1019278 is divided by 28?
22
Calculate the remainder when 81632 is divided by 343.
341
Calculate the remainder when 17162 is divided by 491.
468
What is the remainder when 29694 is divided by 358?
338
Calculate the remainder when 3502 is divided by 698.
12
What is the remainder when 457 is divided by 179?
99
What is the remainder when 10372 is divided by 48?
4
What is the remainder when 20036 is divided by 5007?
8
Calculate the remainder when 3539 is divided by 1656.
227
What is the remainder when 346455 is divided by 85?
80
Calculate the remainder when 422688 is divided by 45.
3
What is the remainder when 11466 is divided by 117?
0
Calculate the remainder when 73212 is divided by 1200.
12
What is the remainder when 321775 is divided by 160883?
9
What is the remainder when 327650 is divided by 65526?
20
What is the remainder when 309625 is divided by 11?
8
Calculate the remainder when 53291 is divided by 141.
134
Calculate the remainder when 458 is divided by 150.
8
What is the remainder when 56685 is divided by 16?
13
Calculate the remainder when 17968 is divided by 927.
355
Calculate the remainder when 39660 is divided by 13219.
3
Calculate the remainder when 11236 is divided by 74.
62
Calculate the remainder when 39803 is divided by 409.
130
Calculate the remainder when 573297 is divided by 1.
0
What is the remainder when 29350 is divided by 1172?
50
What is the remainder when 1738107 is divided by 1374?
1371
What is the remainder when 208585 is divided by 129?
121
Calculate the remainder when 18691 is divided by 6224.
19
What is the remainder when 10605 is divided by 447?
324
Calculate the remainder when 13469535 is divided by 19.
17
What is the remainder when 27180 is divided by 970?
20
Calculate the remainder when 1031126 is divided by 30.
26
What is the remainder when 43959 is divided by 8743?
244
Calculate the remainder when 789177 is divided by 70.
67
What is the remainder when 82243 is divided by 276?
271
What is the remainder when 4430 is divided by 6?
2
What is the remainder when 402949 is divided by 363?
19
What is the remainder when 7472 is divided by 163?
137
Calculate the remainder when 25469 is divided by 1866.
1211
What is the remainder when 4267 is divided by 843?
52
What is the remainder when 2805 is divided by 745?
570
Calculate the remainder when 174032 is divided by 31.
29
Calculate the remainder when 16517 is divided by 110.
17
Calculate the remainder when 12557 is divided by 9.
2
What is the remainder when 61884 is divided by 58?
56
What is the remainder when 8637 is divided by 63?
6
What is the remainder when 12179 is divided by 12172?
7
Calculate the remainder when 137711 is divided by 604.
603
What is the remainder when 9372 is divided by 527?
413
What is the remainder when 140866 is divided by 81?
7
Calculate the remainder when 98576 is divided by 49266.
44
Calculate the remainder when 435105 is divided by 202.
199
Calculate the remainder when 138291 is divided by 77.
76
What is the remainder when 1465675 is divided by 16?
11
Calculate the remainder when 60325 is divided by 60319.
6
What is the remainder when 212307 is divided by 1046?
1015
What is the remainder when 7669 is divided by 116?
13
Calculate the remainder when 23382 is divided by 278.
30
What is the remainder when 17966 is divided by 26?
0
What is the remainder when 26048 is divided by 260?
48
Calculate the remainder when 759 is divided by 705.
54
Calculate the remainder when 1799 is divided by 204.
167
What is the remainder when 58536 is divided by 84?
72
Calculate the remainder when 350 is divided by 120.
110
What is the remainder when 4058 is divided by 115?
33
Calculate the remainder when 6954236 is divided by 1811.
1807
What is the remainder when 35614 is divided by 6?
4
What is the remainder when 673316 is divided by 372?
368
What is the remainder when 21709 is divided by 130?
129
What is the remainder when 305989 is divided by 130?
99
Calculate the remainder when 1138 is divided by 161.
11
What is the remainder when 728 is divided by 182?
0
What is the remainder when 10643 is divided by 222?
209
What is the remainder when 77288 is divided by 783?
554
What is the remainder when 370716 is divided by 13?
8
Calculate the remainder when 131300 is divided by 32759.
264
Calculate the remainder when 10571 is divided by 115.
106
Calculate the remainder when 151198 is divided by 225.
223
What is the remainder when 10695 is divided by 5338?
19
What is the remainder when 107726 is divided by 26?
8
What is the remainder when 3628 is divided by 1771?
86
Calculate the remainder when 615341 is divided by 27.
11
Calculate the remainder when 92620 is divided by 57.
52
What is the remainder when 13126 is divided by 201?
61
What is the remainder when 51250 is divided by 153?
148
What is the remainder when 6940 is divided by 33?
10
Calculate the remainder when 5312 is divided by 184.
160
Calculate the remainder when 94168 is divided by 16.
8
Calculate the remainder when 141210 is divided by 51.
42
Calculate the remainder when 775 is divided by 351.
73
Calculate the remainder when 35173 is divided by 17199.
775
Calculate the remainder when 274911 is divided by 20.
11
Calculate the remainder when 2359 is divided by 156.
19
Calculate the remainder when 2911 is divided by 105.
76
What is the remainder when 1276 is divided by 32?
28
Calculate the remainder when 2735 is divided by 2679.
56
What is the remainder when 18708 is divided by 46?
32
Calculate the remainder when 244747 is divided by 339.
328
Calculate the remainder when 2024 is divided by 466.
160
Calculate the remainder when 953438 is divided by 295.
293
What is the remainder when 47786 is divided by 11943?
14
Calculate the remainder when 359550 is divided by 5.
0
What is the remainder when 3393 is divided by 564?
9
Calculate the remainder when 8852 is divided by 34.
12
What is the remainder when 13719 is divided by 105?
69
Calculate the remainder when 580934 is divided by 931.
921
Calculate the remainder when 2474 is divided by 142.
60
Calculate the remainder when 48225 is divided by 740.
125
What is the rema